{"version":"1.0","provider_name":"Chodn\u00edk korunami stromov","provider_url":"https:\/\/chodnikkorunamistromov.sk\/pl","author_name":"Martina M\u00fadra","author_url":"https:\/\/chodnikkorunamistromov.sk\/pl\/author\/martina\/","title":"Vra\u017eedn\u00e9 Psych\u00e9 #na\u017cywo w BACHLEDCE - 17.10.2026 - Chodn\u00edk korunami stromov","type":"rich","width":600,"height":338,"html":"<blockquote class=\"wp-embedded-content\" data-secret=\"mZqpLcns98\"><a href=\"https:\/\/chodnikkorunamistromov.sk\/pl\/vrazedne-psyche-nazivo-v-bachledke-17-10-2026\/\">Vra\u017eedn\u00e9 Psych\u00e9 #na\u017cywo w BACHLEDCE &#8211; 17.10.2026<\/a><\/blockquote><iframe sandbox=\"allow-scripts\" security=\"restricted\" src=\"https:\/\/chodnikkorunamistromov.sk\/pl\/vrazedne-psyche-nazivo-v-bachledke-17-10-2026\/embed\/#?secret=mZqpLcns98\" width=\"600\" height=\"338\" title=\"&#8222;Vra\u017eedn\u00e9 Psych\u00e9 #na\u017cywo w BACHLEDCE &#8211; 17.10.2026&#8221; &#8212; Chodn\u00edk korunami stromov\" data-secret=\"mZqpLcns98\" frameborder=\"0\" marginwidth=\"0\" marginheight=\"0\" scrolling=\"no\" class=\"wp-embedded-content\"><\/iframe><script type=\"text\/javascript\">\n\/* <![CDATA[ *\/\n\/*! This file is auto-generated *\/\n!function(d,l){\"use strict\";l.querySelector&&d.addEventListener&&\"undefined\"!=typeof URL&&(d.wp=d.wp||{},d.wp.receiveEmbedMessage||(d.wp.receiveEmbedMessage=function(e){var t=e.data;if((t||t.secret||t.message||t.value)&&!\/[^a-zA-Z0-9]\/.test(t.secret)){for(var s,r,n,a=l.querySelectorAll('iframe[data-secret=\"'+t.secret+'\"]'),o=l.querySelectorAll('blockquote[data-secret=\"'+t.secret+'\"]'),c=new RegExp(\"^https?:$\",\"i\"),i=0;i<o.length;i++)o[i].style.display=\"none\";for(i=0;i<a.length;i++)s=a[i],e.source===s.contentWindow&&(s.removeAttribute(\"style\"),\"height\"===t.message?(1e3<(r=parseInt(t.value,10))?r=1e3:~~r<200&&(r=200),s.height=r):\"link\"===t.message&&(r=new URL(s.getAttribute(\"src\")),n=new URL(t.value),c.test(n.protocol))&&n.host===r.host&&l.activeElement===s&&(d.top.location.href=t.value))}},d.addEventListener(\"message\",d.wp.receiveEmbedMessage,!1),l.addEventListener(\"DOMContentLoaded\",function(){for(var e,t,s=l.querySelectorAll(\"iframe.wp-embedded-content\"),r=0;r<s.length;r++)(t=(e=s[r]).getAttribute(\"data-secret\"))||(t=Math.random().toString(36).substring(2,12),e.src+=\"#?secret=\"+t,e.setAttribute(\"data-secret\",t)),e.contentWindow.postMessage({message:\"ready\",secret:t},\"*\")},!1)))}(window,document);\n\/* ]]> *\/\n<\/script>\n","thumbnail_url":"https:\/\/chodnikkorunamistromov.sk\/wp-content\/uploads\/2026\/09\/2026-10-17_Vrazene_psyche_web.jpg","thumbnail_width":601,"thumbnail_height":281,"description":"Najch\u0119tniej s\u0142uchany s\u0142owacki podcast kryminalny VRA\u017dEDN\u00c9 PSYCH\u00c9 #na\u017cywo w Bachledce! W sobot\u0119 17 pa\u017adziernika przygotujcie si\u0119 na wyj\u0105tkowe prze\u017cycie audiowizualne! VRA\u017dEDN\u00c9 PSYCH\u00c9 w niezwyk\u0142ym otoczeniu Tatr Bielskich w Bachledce. Mro\u017c\u0105ce krew w \u017cy\u0142ach tajemnice, kt\u00f3re si\u0119gaj\u0105 a\u017c po korony drzew\u2026 VRA\u017dEDN\u00c9 PSYCH\u00c9 to popularny projekt podcastowy, kt\u00f3ry odkrywa mroczne zakamarki umys\u0142\u00f3w seryjnych morderc\u00f3w. Zajrzyjcie z nami za kulisy ohydnych czyn\u00f3w [&hellip;]"}

Chodník korunami stromov

Martina Múdra

Vražedné Psyché #nażywo w BACHLEDCE - 17.10.2026 - Chodník korunami stromov

<blockquote class="wp-embedded-content" data-secret="mZqpLcns98"><a href="https://chodnikkorunamistromov.sk/pl/vrazedne-psyche-nazivo-v-bachledke-17-10-2026/">Vražedné Psyché #nażywo w BACHLEDCE &#8211; 17.10.2026</a></blockquote><iframe sandbox="allow-scripts" security="restricted" src="https://chodnikkorunamistromov.sk/pl/vrazedne-psyche-nazivo-v-bachledke-17-10-2026/embed/#?secret=mZqpLcns98" width="600" height="338" title="&#8222;Vražedné Psyché #nażywo w BACHLEDCE &#8211; 17.10.2026&#8221; &#8212; Chodník korunami stromov" data-secret="mZqpLcns98" frameborder="0" marginwidth="0" marginheight="0" scrolling="no" class="wp-embedded-content"></iframe><script type="text/javascript">
/* <![CDATA[ */
/*! This file is auto-generated */
!function(d,l){"use strict";l.querySelector&&d.addEventListener&&"undefined"!=typeof URL&&(d.wp=d.wp||{},d.wp.receiveEmbedMessage||(d.wp.receiveEmbedMessage=function(e){var t=e.data;if((t||t.secret||t.message||t.value)&&!/[^a-zA-Z0-9]/.test(t.secret)){for(var s,r,n,a=l.querySelectorAll('iframe[data-secret="'+t.secret+'"]'),o=l.querySelectorAll('blockquote[data-secret="'+t.secret+'"]'),c=new RegExp("^https?:$","i"),i=0;i<o.length;i++)o[i].style.display="none";for(i=0;i<a.length;i++)s=a[i],e.source===s.contentWindow&&(s.removeAttribute("style"),"height"===t.message?(1e3<(r=parseInt(t.value,10))?r=1e3:~~r<200&&(r=200),s.height=r):"link"===t.message&&(r=new URL(s.getAttribute("src")),n=new URL(t.value),c.test(n.protocol))&&n.host===r.host&&l.activeElement===s&&(d.top.location.href=t.value))}},d.addEventListener("message",d.wp.receiveEmbedMessage,!1),l.addEventListener("DOMContentLoaded",function(){for(var e,t,s=l.querySelectorAll("iframe.wp-embedded-content"),r=0;r<s.length;r++)(t=(e=s[r]).getAttribute("data-secret"))||(t=Math.random().toString(36).substring(2,12),e.src+="#?secret="+t,e.setAttribute("data-secret",t)),e.contentWindow.postMessage({message:"ready",secret:t},"*")},!1)))}(window,document);
/* ]]> */
</script>

Najchętniej słuchany słowacki podcast kryminalny VRAŽEDNÉ PSYCHÉ #nażywo w Bachledce! W sobotę 17 października przygotujcie się na wyjątkowe przeżycie audiowizualne! VRAŽEDNÉ PSYCHÉ w niezwykłym otoczeniu Tatr Bielskich w Bachledce. Mrożące krew w żyłach tajemnice, które sięgają aż po korony drzew… VRAŽEDNÉ PSYCHÉ to popularny projekt podcastowy, który odkrywa mroczne zakamarki umysłów seryjnych morderców. Zajrzyjcie z nami za kulisy ohydnych czynów [&hellip;]
